s 4151829839 composite?
True
Is 3324458359 composite?
False
Is 130397962943 a prime number?
False
Is 19665999347 prime?
False
Is 1357297151 composite?
True
Is 4484186507 a prime number?
True
Is 6815380673 a prime number?
False
Is 1832040523 a prime number?
False
Is 4610449399 a composite number?
False
Is 2325629599 composite?
False
Is 103044553 prime?
False
Is 13877041 a prime number?
True
Is 1919233733 a prime number?
False
Is 1048845449 composite?
True
Is 4010276063 prime?
True
Is 235872984323 composite?
True
Is 190511006135 a prime number?
False
Is 2346254953 a prime number?
False
Is 528001589 a composite number?
True
Is 8867209193 composite?
False
Is 1186765469 composite?
False
Is 181175723 prime?
True
Is 37605383261 a prime number?
False
Is 212011279747 a composite number?
False
Is 2841833 a composite number?
True
Is 882476731 composite?
True
Is 167285429 prime?
False
Is 1877241563 a composite number?
True
Is 52261661 a prime number?
True
Is 64066435099 a prime number?
True
Is 7612108769 composite?
False
Is 8555867791 prime?
False
Is 1277046401 a composite number?
False
Is 190617747389 composite?
False
Is 206232480535 a prime number?
False
Is 906940901 composite?
False
Is 481356553 composite?
True
Is 2824539899 composite?
False
Is 184266515 a prime number?
False
Is 5356422397 prime?
True
Is 4390462243 prime?
True
Is 861538693 a prime number?
True
Is 37244148407 a composite number?
False
Is 1562777851 a composite number?
True
Is 930741521 a composite number?
True
Is 111785407003 a composite number?
True
Is 373831499 prime?
False
Is 2401543381 composite?
True
Is 133367279 composite?
False
Is 5162372683 composite?
True
Is 11143498957 prime?
True
Is 2104733077 a prime number?
True
Is 84366443 a composite number?
True
Is 16328840981 a composite number?
False
Is 1740915467 composite?
True
Is 153653758477 a prime number?
False
Is 3473187379 a prime number?
True
Is 16607454977 a prime number?
False
Is 285215653 composite?
False
Is 13018534117 composite?
True
Is 19152787081 composite?
False
Is 77242699 a composite number?
False
Is 76508743 prime?
True
Is 73127408806 a prime number?
False
Is 15862240931 a composite number?
False
Is 3153258523 prime?
False
Is 459141257 composite?
False
Is 27259550429 a composite number?
False
Is 35110486501 a prime number?
False
Is 5725775597 composite?
False
Is 50187310783 prime?
True
Is 31827282301 a prime number?
False
Is 85765397 a composite number?
False
Is 9786964381 a prime number?
True
Is 2126091481 composite?
True
Is 202054043 a composite number?
False
Is 1600407217 prime?
False
Is 40462766 prime?
False
Is 1130934421 composite?
False
Is 13536281177 prime?
True
Is 6926500619 prime?
True
Is 157519361449 prime?
True
Is 1342235839 composite?
True
Is 1069195819 composite?
True
Is 53113637 composite?
False
Is 102339469 composite?
False
Is 210150167 a prime number?
False
Is 41652684833 a prime number?
False
Is 2891108377 prime?
False
Is 374262013 a composite number?
True
Is 15178153 composite?
False
Is 1925282941 a composite number?
False
Is 256518289 a composite number?
False
Is 16356404627 a prime number?
True
Is 300956941 composite?
True
Is 4434407 a prime number?
False
Is 2144703163 prime?
False
Is 1186728797 composite?
True
Is 5539913903 composite?
True
Is 3242768471 a prime number?
True
Is 247718157861 prime?
False
Is 3548438809 prime?
True
Is 1470618329 prime?
True
Is 15673812023 composite?
False
Is 3792234923 prime?
True
Is 100545756359 a prime number?
False
Is 3462236143 a prime number?
True
Is 1640500583 prime?
True
Is 55809859199 prime?
True
Is 1824061441 composite?
False
Is 12115106923 a prime number?
False
Is 656483017 prime?
False
Is 40037741713 a composite number?
False
Is 1146719867 prime?
False
Is 5170629551 a composite number?
True
Is 2761380991 a composite number?
False
Is 4144239601 a prime number?
True
Is 11164707769 a composite number?
False
Is 355170862 a prime number?
False
Is 18380828651 a composite number?
False
Is 2671637893 a prime number?
True
Is 2146928179 composite?
True
Is 6802721369 prime?
True
Is 11238954131 prime?
False
Is 567679638659 a composite number?
True
Is 3696846677 a prime number?
False
Is 11390262901 prime?
True
Is 37218568607 composite?
True
Is 1174180783 composite?
True
Is 7249543139 a prime number?
False
Is 7281673237 prime?
True
Is 443057873 a prime number?
True
Is 29553239803 a composite number?
False
Is 51438065917 a composite number?
True
Is 1333630523 a composite number?
False
Is 15475928623 composite?
False
Is 18631310671 a composite number?
False
Is 2990789293 a prime number?
True
Is 6367373 a composite number?
True
Is 3136308779 a prime number?
False
Is 544240481 a prime number?
True
Is 20197597993 composite?
False
Is 835644883 composite?
True
Is 41739707 composite?
True
Is 215124823 composite?
False
Is 6287581103 a composite number?
False
Is 69915363211 a prime number?
True
Is 8161211159 composite?
True
Is 1489500127 a composite number?
False
Is 12563281363 prime?
True
Is 184715621 a prime number?
True
Is 3423445345 composite?
True
Is 68222475173 prime?
True
Is 1416749987 a prime number?
False
Is 15684335287 prime?
True
Is 988366045 a prime number?
False
Is 259964838505 a composite number?
True
Is 153111377 prime?
False
Is 539780369 composite?
False
Is 1273840639 a composite number?
True
Is 859008743 prime?
True
Is 67360640351 prime?
False
Is 36294072631 a composite number?
True
Is 58785899 a composite number?
False
Is 27828437277 a prime number?
False
Is 3887061089 prime?
False
Is 74035921 a prime number?
True
Is 2953417729 composite?
False
Is 6545286221 a prime number?
True
Is 1151568857 prime?
False
Is 220025317 prime?
False
Is 4127667859 a composite number?
True
Is 36295800397 prime?
True
Is 80768060411 composite?
False
Is 1083455977 prime?
True
Is 658543481 prime?
True
Is 2099313773 a composite number?
False
Is 2359934341 a prime number?
False
Is 99142721 a composite number?
True
Is 185999345119 prime?
False
Is 407589264053 a composite number?
False
Is 477117995 a composite number?
True
Is 1013232301 a composite number?
False
Is 246770393 prime?
True
Is 1982425033 a prime number?
True
Is 99213497321 prime?
False
Is 2158032365 a composite number?
True
Is 26176939585 a composite number?
True
Is 15197542471 a composite number?
False
Is 865388327 a composite number?
False
Is 5670897965 prime?
False
Is 10964879357 composite?
False
Is 25971296497 prime?
False
Is 48221975363 a prime number?
True
Is 277714231 a prime number?
True
Is 11863436293 a composite number?
True
Is 37558693 prime?
False
Is 71509464997 a prime number?
True
Is 47448834434 prime?
False
Is 101120317 composite?
False
Is 5916836371 composite?
False
Is 7703106361 a composite number?
False
Is 825280901 a composite number?
False
Is 297228741 a prime number?
False
Is 7007174771 prime?
False
Is 4686985789 composite?
False
Is 16592905253 a composite number?
True
Is 3567863942 composite?
True
Is 584822251 a prime number?
False
Is 16575192679 prime?
True
Is 597057717 composite?
True
Is 339689066467 composite?
False
Is 501529247 a prime number?
True
Is 44617495297 a composite number?
False
Is 220184317 composite?
False
Is 28045084423 a composite number?
True
Is 7617494737 prime?
False
Is 1412623939 prime?
False
Is 860746111 a prime number?
False
Is 147161021 a prime number?
False
Is 2121797903 prime?
True
Is 8363229835 a prime number?
False
Is 677210437 prime?
False
Is 20824006031 composite?
True
Is 4954823813 a composite number?
False
Is 1245558101 a composite number?
False
Is 283966981 composite?
False
Is 339984349 prime?
False
Is 2057877661 a composite number?
True
Is 6454267557 composite?
True
Is 684073393 a prime number?
False
Is 39039699883 composite?
True
Is 1753192339 prime?
False
Is 298679406287 a composite number?
False
Is 17450201519 a prime number?
True
Is 1324759081 a prime number?
True
Is 12960305837 a prime number?
False
Is 103829615041 composite?
False
Is 479177539 a composite number?
False
Is 819820669 prime?
False
Is 2323407197 prime?
False
Is 458429347 prime?
False
Is 21808632089 a prime number?
False
Is 191134291 prime?
True
Is 1037868413 a composite number?
True
Is 54892575553 a prime number?
True
Is 1694221259 prime?
False
Is 136431857 a prime number?
True
Is 647033507 compos